hat is -2000132302 (base 4) in base 12?
-21466a
What is 693077 (base 10) in base 13?
1b3608
2191697 (base 12) to base 15
869471
Convert -15027825 (base 9) to base 2.
-11100011101000011111110
Convert 5487a5 (base 12) to base 14.
26d137
Convert 110316306 (base 7) to base 2.
11001010101111010110001
What is 21624161 (base 9) in base 2?
100111111011101000000111
-1b207 (base 13) to base 7
-310506
What is 14543432 (base 7) in base 13?
398312
What is -213c1 (base 16) in base 15?
-2a504
What is -1010000110111101111 (base 2) in base 15?
-68232
-1666052 (base 8) to base 6
-14232014
What is -20202020112010 (base 3) in base 9?
-6666463
120010212 (base 3) to base 15
340e
-11112221220 (base 3) to base 10
-89637
What is -4510408 (base 10) in base 9?
-8434104
What is 323478 (base 10) in base 6?
10533330
1593324 (base 10) to base 16
184fec
What is 15373083 (base 10) in base 3?
1001221000220110
What is 1877845 (base 9) in base 7?
11654261
Convert 112142 (base 7) to base 11.
14008
What is -837424 (base 9) in base 10?
-497524
Convert -207b7 (base 15) to base 2.
-11001001001010101
629299 (base 10) to base 2
10011001101000110011
Convert 3211003 (base 4) to base 6.
151511
Convert 55153 (base 15) to base 2.
1000001111111011111
Convert 3c8bb2 (base 16) to base 3.
21110120222002
Convert -144780 (base 11) to base 8.
-671122
-221205432 (base 7) to base 5
-11403024020
Convert 2033014 (base 6) to base 13.
35707
-211892 (base 15) to base 4
-12000130133
Convert -1101001110000011000 (base 2) to base 6.
-13141240
Convert 32011101221 (base 4) to base 3.
20221112221212
Convert 400624 (base 7) to base 5.
4130130
What is 85650f (base 16) in base 10?
8742159
Convert 779606 (base 13) to base 10.
2819771
What is -366065 (base 10) in base 7?
-3053150
-8f7f05 (base 16) to base 10
-9404165
28c998 (base 15) to base 3
10200220102022
What is 10110010110011 (base 2) in base 11?
8663
13120021 (base 4) to base 15
8e47
434640 (base 8) to base 6
3043040
Convert 2443543 (base 7) to base 8.
1144133
What is 1212079 (base 11) in base 5?
1020023202
-153015 (base 6) to base 13
-6a34
What is 6014130 (base 7) in base 8?
2552151
What is -5e40d (base 16) in base 7?
-3165354
-473aab (base 13) to base 11
-a57405
Convert 17253431 (base 9) to base 13.
1a411b6
Convert -1111001010110111111 (base 2) to base 11.
-30a518
Convert 1303013000 (base 4) to base 9.
787675
-10661064 (base 7) to base 16
-e54ac
9218359 (base 11) to base 9
33581214
What is -100100010100110000000010 (base 2) in base 13?
-1c85233
-2223326 (base 7) to base 8
-1030736
What is 10001101011011 (base 2) in base 11?
6889
What is -342861 (base 10) in base 3?
-122102022120
12010202120 (base 3) to base 12
4a659
-30313111333 (base 4) to base 10
-3372415
What is -1042870 (base 10) in base 13?
-2a68aa
What is 2055c2 (base 13) in base 11?
475a17
What is -553a00 (base 11) in base 5?
-211234123
-a92069 (base 11) to base 6
-101222440
22212112111 (base 3) to base 5
21041442
-11001100022002 (base 3) to base 7
-24202466
What is -49874 (base 11) in base 12?
-35520
-10021002000000 (base 3) to base 2
-110100111001110111010
What is 1428597 (base 11) in base 4?
21113231112
Convert -102210110200112 (base 3) to base 14.
-b925bc
What is -38666 (base 11) in base 7?
-320266
Convert -141cee (base 16) to base 3.
-2110222010111
What is 3772310 (base 8) in base 14?
1d3132
Convert 9b44c7 (base 14) to base 15.
6e2e1c
What is -1ac611 (base 16) in base 3?
-10022010220201
What is -5336544 (base 7) in base 11?
-403007
512532 (base 8) to base 3
22121020121
Convert 7b668 (base 12) to base 11.
103055
Convert -23cd55 (base 14) to base 2.
-100101011011011001111
Convert 2421203 (base 5) to base 6.
545054
Convert 8658733 (base 10) to base 2.
100001000001111100101101
Convert -52843 (base 13) to base 5.
-14223411
What is -10010111011011010010010 (base 2) in base 7?
-60114202
What is 3231023 (base 5) in base 9?
83564
What is -1227086 (base 9) in base 4?
-2203003002
Convert -11120112121022 (base 3) to base 12.
-99325b
-527441 (base 9) to base 5
-40020311
Convert 56c21 (base 14) to base 16.
337ed
-94a5b (base 14) to base 15
-71476
Convert 14453 (base 6) to base 2.
100100100001
Convert -40cbd9 (base 14) to base 2.
-1000010101110101001011
223300413 (base 5) to base 6
33145110
What is 231433404 (base 5) in base 7?
11614603
-10111100100101010 (base 2) to base 12
-47a62
1599873 (base 14) to base 3
201221001210120
What is 21244023 (base 5) in base 6?
3514334
What is 175aa1 (base 11) in base 8?
1022232
Convert -1511104 (base 6) to base 10.
-87088
-10564a (base 13) to base 15
-788be
What is -101110100111100001000110 (base 2) in base 16?
-ba7846
What is -810118 (base 9) in base 3?
-220100010122
Convert -87622 (base 13) to base 14.
-65377
10000202010121 (base 3) to base 2
110001000110100101000
-31b7819 (base 12) to base 8
-44025325
What is -1144057 (base 9) in base 4?
-2113102312
Convert -1372167 (base 8) to base 13.
-108833
What is 266114 (base 8) in base 2?
10110110001001100
Convert -101000011100001110 (base 2) to base 13.
-5a520
b8801 (base 12) to base 13
8683c
Convert -2314314124 (base 5) to base 16.
-4fcae9
Convert -b7c4b (base 14) to base 8.
-1543453
Convert -20222000120 (base 3) to base 12.
-673a3
What is 4012410 (base 6) in base 12?
91106
What is -1121010211121 (base 3) in base 7?
-10134463
Convert -41542321 (base 8) to base 11.
-4a92851
Convert -25973 (base 12) to base 2.
-1100100100100111
Convert -1010110111000110 (base 2) to base 6.
-541542
234123 (base 8) to base 5
10024310
-51057 (base 10) to base 7
-301566
What is -486263 (base 9) in base 13?
-a364a
104978 (base 11) to base 4
220321331
What is 1124101123 (base 5) in base 13?
6bab24
-2220240 (base 5) to base 2
-1001011110100100
-721155 (base 8) to base 2
-111010001001101101
What is 15462603 (base 7) in base 10?
1494405
-2655405 (base 7) to base 4
-1111131231
-747605 (base 11) to base 13
-32b498
What is -2203031131 (base 4) in base 8?
-2431535
Convert 4426078 (base 10) to base 11.
2553418
Convert -13333010132 (base 4) to base 12.
-84b512
What is -22554 (base 8) in base 12?
-5664
a433a (base 11) to base 3
21201200211
Convert -4ec0 (base 15) to base 10.
-16830
What is 12022001010022 (base 3) in base 9?
5261108
Convert -4301643 (base 7) to base 16.
-7f5d5
1100010110001 (base 2) to base 5
200241
What is -157db42 (base 14) in base 5?
-10143303304
Convert 202000220022200 (base 3) to base 14.
15b1d1c
What is 1377a75 (base 12) in base 15?
51ce72
Convert b346b7 (base 12) to base 7.
32601322
What is 1001111011010100001 (base 2) in base 9?
545173
115013251 (base 6) to base 13
5bb05b
What is 1523111 (base 6) in base 14?
24523
Convert 6b6e (base 15) to base 4.
11210231
1414401 (base 6) to base 13
2a59b
222220011111122 (base 3) to base 12
49535b2
-15039d6 (base 14) to base 12
-3513574
Convert -431706 (base 9) to base 2.
-111110110010011101
Convert -100100100100111010 (base 2) to base 12.
-7284a
100111101110110010 (base 2) to base 15
33343
Convert 5102535 (base 6) to base 9.
407475
17080 (base 9) to base 2
10110111011000
-2040454 (base 8) to base 6
-15332300
255216 (base 8) to base 14
24490
Convert -3b536 (base 15) to base 7.
-1421310
Convert -3356155 (base 8) to base 15.
-12e24c
What is 11817 (base 12) in base 7?
125623
What is c03a1e (base 15) in base 11?
5172748
146426 (base 9) to base 15
1ba10
What is -20200212001222 (base 3) in base 15?
-4a4b25
What is -8a913 (base 11) in base 3?
-20200102220
What is 31464416 (base 7) in base 11?
1565150
What is 147265 (base 10) in base 15?
2d97a
What is -2220222000211 (base 3) in base 6?
-53151334
16c918 (base 16) to base 15
1e76b7
Convert 58432 (base 14) to base 13.
76a49
Convert 10101101100101001010 (base 2) to base 7.
6020563
2353287 (base 9) to base 8
4672576
What is a79a (base 13) in base 14?
86ac
Convert -103030031 (base 5) to base 14.
-b61b1
Convert 78a647 (base 12) to base 15.
280991
c3c451 (base 15) to base 10
9305851
-12505123 (base 7) to base 6
-40311201
b65069 (base 15) to base 4
201011220321
What is 926a0 (base 11) in base 3?
20212112220
Convert -63341513 (base 7) to base 15.
-70b938
2220001011 (base 3) to base 10
56893
What is 545029 (base 11) in base 2?
11010100100001101001
Convert -14201403 (base 5) to base 3.
-21110210021
What is 10001101212 (base 3) in base 5?
3410241
What is 2300a32 (base 12) 